170)*13) is divided by s(-6).
3
Let p = -972 + 1009. Calculate the remainder when 71 is divided by p.
34
Suppose -s + o - 3 = 0, 6*s + 33 = s - 4*o. Let c(x) = -x**2 - 7*x - 8. Let v be c(s). What is the remainder when 19 is divided by (-1)/v*(15 - 37)?
8
Suppose -2*o = g - 150, -3*o + 750 = 5*g - o. Suppose -z - 2*s + 58 = 0, z + 2*z = 2*s + g. What is the remainder when z is divided by 14?
10
Suppose -19*y + 20*y + 2*c - 103 = 0, 4*y + 2*c - 400 = 0. Calculate the remainder when 691 is divided by y.
97
Suppose -45*y + 40*y = 0. Suppose 4*o - 7 - 53 = y. What is the remainder when 68 is divided by o?
8
Suppose -2*a + k = -21, 4*a - 57 = 3*k - 4*k. Let f(b) = -b + 61. Calculate the remainder when f(0) is divided by a.
9
Suppose 3*c - 4*c + 4*j = -20, -4*j = -4*c + 116. Calculate the remainder when c is divided by (-2)/(7/(385/(-10))).
10
Let x(l) = l + 18. Let r be x(0). Let n = 2 + r. Let c = -14 + n. Calculate the remainder when 16 is divided by c.
4
Let a = -1734 - -1945. What is the remainder when a is divided by 70?
1
What is the remainder when 178 + 12*2/4 is divided by 31?
29
Suppose -4*x + p + 34 = -p, 50 = 5*x + 5*p. Let n(r) = -2*r + 4*r**3 + 0*r - 2*r**3 + 0*r + r**2. What is the remainder when n(2) is divided by x?
7
Suppose -4*c = -5*c + 35. Suppose -3*w + 5*w - 4 = 0. Suppose -w*u + 3*u - 19 = 0. What is the remainder when c is divided by u?
16
Let z = 159 + -141. Suppose 33 = -3*a + 4*a. What is the remainder when a is divided by z?
15
Let q(a) = a**3 + 8*a**2 - 14*a - 18. Suppose 4*g - 21 = i, 4*g - 6 + 3 = -i. Calculate the remainder when q(i) is divided by 14.
13
Let v be (-30)/9*(-6)/4. Suppose v*x - 12 - 78 = 0. Suppose g = 3*g - x. What is the remainder when g is divided by 3?
0
Suppose -5 + 81 = 4*g. Suppose -g*u = -14*u - 155. Suppose 3*b - 5*k = 270, 3*k = 7*k. What is the remainder when b is divided by u?
28
Suppose -2*d + 3*d = 5. Let r(j) = -j**2 + 8*j + 7. Calculate the remainder when 65 is divided by r(d).
21
Suppose -5*z = -5*s + 15, s + 3*s = -2*z + 24. Suppose z*h = -0*h + 134. What is the remainder when h is divided by 17?
16
Let y(f) = 4*f + 23. Let k be y(-5). Suppose 4*g - 2*x + 21 = 5*g, -k*x - 84 = -4*g. What is the remainder when 39 is divided by g?
18
Let i be -42 + (-1 - -4 - 0). Let z = i + 41. What is the remainder when z is divided by 1?
0
Suppose 28*h = 35*h - 77. What is the remainder when (3/6)/(8/656) is divided by h?
8
Let l be (-1)/2 - ((-245)/10 - -4). Let a = l - -13. Calculate the remainder when 161 is divided by a.
29
Suppose l - 68 = 10. Suppose 12*z = 15*z - l. Let c = -17 + 24. Calculate the remainder when z is divided by c.
5
Let g = -8 - -13. Suppose -y = g, 4*w - 7 = -3*y + 10. What is the remainder when w is divided by 7?
1
Suppose 0 = j - 4*y - 9, -5*j - 3*y = -186 + 26. Suppose 109 = 5*k + j. What is the remainder when k is divided by 9/6 - 18/(-4)?
4
Let f(g) = -g**3 - 15*g**2 - 2*g - 5. Calculate the remainder when 672 is divided by f(-15).
22
Suppose -3*k + 4*q = -44, 4*q = -3*k + 22 + 30. Calculate the remainder when k is divided by 3.
1
Let q(x) = -x**2 - 9*x - 11. Let f be q(-4). Let c = -30 + 54. Calculate the remainder when f/3 + -4 - -46 is divided by c.
21
Let i = 255 - 243. Calculate the remainder when 120 is divided by i.
0
Suppose -4*m = -2*m - 2. Calculate the remainder when (2 + 0 - 0) + 3 is divided by m.
0
Suppose -d - 15 = -5*b, -b - 9 = -5*d + 3*b. Let w(f) be the first derivative of 3*f**2/2 - 5*f - 18. What is the remainder when w(d) is divided by 4?
2
Let p = 5 - -4. Suppose 3*d = z + 157, -p + 4 = -z. Suppose 0 = k - 2*w - 20, 7*k - 55 = 2*k - 5*w. Calculate the remainder when d is divided by k.
12
Suppose -7*p + 2*p - s + 104 = 0, 0 = -2*p - 2*s + 40. Let r = -275 + 511. Let x = r + -174. What is the remainder when x is divided by p?
20
Let h = 25 - 24. Let n(v) = -8*v**2 + 4*v - 9 + 1 + 3*v**3 - v**3 + h. What is the remainder when n(5) is divided by 22?
19
Suppose -x + 70 + 21 = 4*z, 2*z = -3*x + 43. Calculate the remainder when z is divided by 5/(-15) - (-40)/3.
10
Suppose 37*u - 342 = 18*u. Calculate the remainder when u is divided by 15.
3
What is the remainder when 0 + (-4)/(20/(-395)) + 1 is divided by 7?
3
Let i(d) = 2*d**3 + 6*d**2 - 3*d - 2. What is the remainder when 7 is divided by i(-3)?
0
Suppose 905*g + 62 = 907*g. Calculate the remainder when 121 is divided by g.
28
Let y(a) = -49 + 41 + 6*a + 2*a + 16*a**2. What is the remainder when 31 is divided by y(1)?
15
Let q(h) = -8*h**3 - 2*h**2 - 2*h - 1. Let j = 6 - 5. Let c = j + 1. What is the remainder when q(-1) is divided by c?
1
Let f = -926 - -1144. What is the remainder when f is divided by 21?
8
Let z = -663 + 680. What is the remainder when 404 is divided by z?
13
Let s be 144/54 + (-1)/(-3). Suppose -s*c - w + 2*w + 66 = 0, 2*c - 44 = 2*w. Suppose c = 3*u - 53. Calculate the remainder when 46 is divided by u.
21
Let j(n) be the first derivative of -n**4/2 - 2*n**3 - n**2 - 3*n - 67. Suppose -3 = 2*f + 5. Calculate the remainder when j(f) is divided by 10.
7
Let x = 2 + -16. Suppose 4 = 4*p - 68. Let m = p + x. Calculate the remainder when m is divided by 3.
1
Suppose -7*v = 4*m - 3*v - 68, 35 = 2*m + v. Calculate the remainder when m is divided by 7.
4
Let n = 2160 - 2141. Suppose -2*g = 3*g - 10, -225 = -3*m - 3*g. What is the remainder when m is divided by n?
16
Let w(g) = -20 + 15 + 49 + 2*g - 3*g. What is the remainder when 45 is divided by w(21)?
22
Suppose -46 = -23*c - 119 + 234. Calculate the remainder when 50/1*(-4)/(-10) is divided by c.
6
Let i(r) = -r**2 + 2*r + 4. Let c be i(3). Let d = 3 - c. Suppose -3*p = d*l - 4, 0 = -0*l + 2*l + 2*p - 6. What is the remainder when l is divided by 2?
1
What is the remainder when 426 is divided by 211/2 + (-10 - 46/(-4))?
105
Suppose 0 = -6*l + 24 - 0. Calculate the remainder when 61 is divided by (l/1)/((-2)/(-8)).
13
Calculate the remainder when -3 + (-927)/(-12) + (-4)/16 is divided by 21.
11
Suppose -3*l - 2*p + 15 = -5*p, l = -4*p. Suppose 0 = l*d - 80 + 20. Let c(q) = 2*q - 8. Calculate the remainder when d is divided by c(6).
3
Suppose -4*t = -5*t - 2*a + 290, 4*t - 2*a = 1200. Calculate the remainder when t is divided by 60.
58
Let u(h) = h**2 - 52*h + 340. Calculate the remainder when u(49) is divided by 18.
13
Let f = -516 + 520. What is the remainder when 418 is divided by f?
2
What is the remainder when 10/8*76 + (7 - 1) is divided by 35?
31
Suppose 0 = 5*n + 4*r - 609, 5*n = -4*r - r + 605. Suppose -4*f = f - n. Calculate the remainder when (-2464)/(-33) - (-2)/(-3) is divided by f.
24
Let p be 4/3*(-24)/(-16). Let d be -45*p*(-6)/20. Suppose -2*w + 5 + d = 0. Calculate the remainder when w is divided by 9.
7
Suppose -984*m + 967*m + 4811 = 0. Calculate the remainder when m is divided by 57.
55
Suppose 2*f = f - 5, 3*f + 7 = 4*l. Calculate the remainder when 12 is divided by -2*(6/(-3) + l).
4
Suppose 0*p - 2*p + 5*s + 286 = 0, 3*p - s = 442. Calculate the remainder when p is divided by 14.
8
Let m = 41 - -16. Let z be (24/16)/(1/(-4)). Let p(y) = y**2 - 7. Calculate the remainder when m is divided by p(z).
28
Suppose -5*o = -94 - 51. Suppose -2*d - 6*j - 17 = -j, -35 = -5*d + 3*j. Suppose 0 = d*l + 78 - 142. Calculate the remainder when o is divided by l.
13
Suppose -3 = w, -3*s - w + 87 = -s. What is the remainder when s is divided by 30?
15
Suppose -92 - 43 = -5*y. Suppose -3*a = -3*i - y, -i - i = -a + 9. Let m(l) = -l**2 + 141*l + 26. Calculate the remainder when m(0) is divided by a.
8
Let l = 15 - -19. Let q = 5 + -3. What is the remainder when l is divided by (-27)/(1 + q)*-1?
7
Let i = -29 - -29. Suppose -2*q - 30 + 152 = i. Calculate the remainder when q is divided by 13.
9
Suppose 12*a = 11*a + 4, -14 = -k + 3*a. What is the remainder when 74 is divided by k?
22
Let z = -15 + 29. What is the remainder when z is divided by -2 - 18/3 - -12?
2
Let p be (-4)/(-14) + (-1296)/28. Let h = 189 - p. What is the remainder when h is divided by 34?
31
Let k be -1 + 12/(3 + -1). Suppose 7*c - 6*c - 60 = 0. Suppose h + c = k*h. Calculate the remainder when 28 is divided by h.
13
Suppose 5*f - 6*f = -25. What is the remainder when f is divided by 2?
1
Suppose -3*v + 0*t - 5*t + 64 = 0, 3*v - 100 = 4*t. What is the remainder 